{"id":90,"date":"2014-02-04T10:26:59","date_gmt":"2014-02-04T09:26:59","guid":{"rendered":"http:\/\/lana-savettiere.com\/wordpress\/?page_id=90"},"modified":"2016-08-29T10:22:54","modified_gmt":"2016-08-29T09:22:54","slug":"alberto-savettiere","status":"publish","type":"page","link":"http:\/\/lana-savettiere.com\/?page_id=90","title":{"rendered":"alberto savettiere"},"content":{"rendered":"<p>Architetto e Designer \u00e8 nato a Torino, dove si \u00e8 laureato presso il Politecnico alla Facolt\u00e0 di Architettura nel 2002. E&#8217; iscritto all&#8217;albo degli Architetti della Provincia di Torino dal 2003 e da allora esercita la libera professione.<br \/>\nHa lavorato per alcuni anni presso studi di ingegneria strutturale e impiantistica a Torino e Milano e ha avuto esperienze di progettazione all&#8217;estero. Dal 2001 \u00e8 socio dell&#8217;Agenzia di Progettazione e Comunicazione &#8220;Area-Pro&#8221; in cui si occupa di design.<br \/>\nE&#8217; iscritto all&#8217;Albo dei Certificatori Energetici della Regione Piemonte.<\/p>\n<p><a href=\"http:\/\/lana-savettiere.com\/wordpress\/wp-content\/uploads\/2014\/02\/alberto_savettiere1.jpg\"><img loading=\"lazy\" decoding=\"async\" class=\"alignnone wp-image-1302\" src=\"http:\/\/lana-savettiere.com\/wordpress\/wp-content\/uploads\/2014\/02\/Alberto-785x524.jpg\" alt=\"Alberto\" width=\"800\" height=\"534\" srcset=\"http:\/\/lana-savettiere.com\/wordpress\/wp-content\/uploads\/2014\/02\/Alberto-785x524.jpg 785w, http:\/\/lana-savettiere.com\/wordpress\/wp-content\/uploads\/2014\/02\/Alberto-300x200.jpg 300w, http:\/\/lana-savettiere.com\/wordpress\/wp-content\/uploads\/2014\/02\/Alberto-768x512.jpg 768w\" sizes=\"auto, (max-width: 800px) 100vw, 800px\" \/><\/a><\/p>\n","protected":false},"excerpt":{"rendered":"<p>Architetto e Designer \u00e8 nato a Torino, dove si \u00e8 laureato presso il Politecnico alla Facolt\u00e0 di Architettura nel 2002. E&#8217; iscritto all&#8217;albo degli Architetti della Provincia di Torino dal 2003 e da allora esercita la libera professione. Ha lavorato per alcuni anni presso studi di ingegneria strutturale e impiantistica a Torino e Milano e ha avuto esperienze di progettazione all&#8217;estero. Dal 2001 \u00e8 socio dell&#8217;Agenzia di Progettazione e Comunicazione &#8220;Area-Pro&#8221; in cui si occupa di design. E&#8217; iscritto all&#8217;Albo dei Certificatori Energetici della Regione Piemonte.<\/p>\n","protected":false},"author":1,"featured_media":0,"parent":83,"menu_order":0,"comment_status":"open","ping_status":"open","template":"","meta":{"footnotes":""},"class_list":["post-90","page","type-page","status-publish","hentry"],"_links":{"self":[{"href":"http:\/\/lana-savettiere.com\/index.php?rest_route=\/wp\/v2\/pages\/90","targetHints":{"allow":["GET"]}}],"collection":[{"href":"http:\/\/lana-savettiere.com\/index.php?rest_route=\/wp\/v2\/pages"}],"about":[{"href":"http:\/\/lana-savettiere.com\/index.php?rest_route=\/wp\/v2\/types\/page"}],"author":[{"embeddable":true,"href":"http:\/\/lana-savettiere.com\/index.php?rest_route=\/wp\/v2\/users\/1"}],"replies":[{"embeddable":true,"href":"http:\/\/lana-savettiere.com\/index.php?rest_route=%2Fwp%2Fv2%2Fcomments&post=90"}],"version-history":[{"count":5,"href":"http:\/\/lana-savettiere.com\/index.php?rest_route=\/wp\/v2\/pages\/90\/revisions"}],"predecessor-version":[{"id":1305,"href":"http:\/\/lana-savettiere.com\/index.php?rest_route=\/wp\/v2\/pages\/90\/revisions\/1305"}],"up":[{"embeddable":true,"href":"http:\/\/lana-savettiere.com\/index.php?rest_route=\/wp\/v2\/pages\/83"}],"wp:attachment":[{"href":"http:\/\/lana-savettiere.com\/index.php?rest_route=%2Fwp%2Fv2%2Fmedia&parent=90"}],"curies":[{"name":"wp","href":"https:\/\/api.w.org\/{rel}","templated":true}]}}

<p>Architetto e Designer è nato a Torino, dove si è laureato presso il Politecnico alla Facoltà di Architettura nel 2002. E&#8217; iscritto all&#8217;albo degli Architetti della Provincia di Torino dal 2003 e da allora esercita la libera professione.<br />
Ha lavorato per alcuni anni presso studi di ingegneria strutturale e impiantistica a Torino e Milano e ha avuto esperienze di progettazione all&#8217;estero. Dal 2001 è socio dell&#8217;Agenzia di Progettazione e Comunicazione &#8220;Area-Pro&#8221; in cui si occupa di design.<br />
E&#8217; iscritto all&#8217;Albo dei Certificatori Energetici della Regione Piemonte.</p>
<p><a href="http://lana-savettiere.com/wordpress/wp-content/uploads/2014/02/alberto_savettiere1.jpg"><img loading="lazy" decoding="async" class="alignnone wp-image-1302" src="http://lana-savettiere.com/wordpress/wp-content/uploads/2014/02/Alberto-785x524.jpg" alt="Alberto" width="800" height="534" srcset="http://lana-savettiere.com/wordpress/wp-content/uploads/2014/02/Alberto-785x524.jpg 785w, http://lana-savettiere.com/wordpress/wp-content/uploads/2014/02/Alberto-300x200.jpg 300w, http://lana-savettiere.com/wordpress/wp-content/uploads/2014/02/Alberto-768x512.jpg 768w" sizes="auto, (max-width: 800px) 100vw, 800px" /></a></p>

<p>Architetto e Designer è nato a Torino, dove si è laureato presso il Politecnico alla Facoltà di Architettura nel 2002. E&#8217; iscritto all&#8217;albo degli Architetti della Provincia di Torino dal 2003 e da allora esercita la libera professione. Ha lavorato per alcuni anni presso studi di ingegneria strutturale e impiantistica a Torino e Milano e ha avuto esperienze di progettazione all&#8217;estero. Dal 2001 è socio dell&#8217;Agenzia di Progettazione e Comunicazione &#8220;Area-Pro&#8221; in cui si occupa di design. E&#8217; iscritto all&#8217;Albo dei Certificatori Energetici della Regione Piemonte.</p>
